*y**5/4 + y**4/12 - y**2/2 - y. Is g(o) prime?
False
Suppose 5*x - 10 = o + 10, 2*o - 3*x + 5 = 0. Let b(y) = 18*y + 5. Is b(o) prime?
False
Suppose 3*l + 2*p - 3261 = 6*p, 5*l - 5435 = -3*p. Is l composite?
False
Suppose -41*o = -26*o - 1155. Is o a prime number?
False
Let r(i) = 3*i**2 + 2*i + 2. Let c be r(-2). Let d be -5*117*(-12)/c. Suppose -m + d = 289. Is m a composite number?
True
Suppose t = a + 2*t, -5*a = 4*t - 5. Suppose 0 = a*y - 82 - 403. Is y a prime number?
True
Let n = -10 - -12. Suppose 142 = 2*i + 3*s - 0*s, -5*s + 134 = n*i. Is i prime?
False
Suppose -b + 9 = 2. Suppose b*f - 3*f = 556. Is f a prime number?
True
Let r be (0 + 397)*(-12)/(-3). Suppose 0 = 4*u + 560 - r. Is u prime?
True
Let n = 1474 - 1051. Let c be 1 + (0 - 1) + 577. Suppose -n = -3*p + z - 5*z, -4*p + c = z. Is p a composite number?
True
Let a(t) be the third derivative of 17*t**4/24 + 2*t**3/3 - 8*t**2. Is a(5) a composite number?
False
Suppose -2*h = -3*a + 7, 5*a - 20 - 5 = 0. Is ((-276)/(-8))/(2/h) a prime number?
False
Suppose -3*c - 2*c + 5 = 0. Is (-1 - c)/((-6)/309) prime?
True
Let i(g) = 17*g**2 - 5*g + 12. Let o be i(5). Let p = 25 + o. Is p prime?
False
Suppose 0 = 2*p - 5*h - 391, 4*h + 0*h + 776 = 4*p. Let f = p + -124. Is f prime?
False
Let l(q) = 38 - 27 - 12*q**2 + 13*q**2 + 66. Is l(0) a composite number?
True
Let z = 2976 + -4604. Is -1*z/(6 + -2) a composite number?
True
Suppose -4*p + g = 97, 38 = -3*p - g - 33. Suppose 5*j + y = -4*y + 180, 0 = -4*y + 4. Let o = j + p. Is o a prime number?
True
Suppose 4*s = -2*k + 8*s + 16, -s = -5*k + 13. Suppose k*o - w - 242 = 0, -4*w = 19 - 3. Is o composite?
True
Suppose 3 = -i + 3*w, -5*w + 4 = -3*i - w. Let y be (-6)/(-3) - i - -77. Is y*-1*2/(-2) composite?
False
Let s(d) = d**3 - 26*d**2 + 50*d + 26. Is s(24) composite?
True
Suppose -4*z - 28 = 2*k + 3*k, 21 = -3*z - 2*k. Let x be (-18)/(-14) - (-2)/z. Suppose q + 5 + x = 3*u, 2*u - 4*q + 6 = 0. Is u a prime number?
True
Let q = 8 - 2. Is q a composite number?
True
Suppose l + 9 = 2*l. Let i be 870/27 - 2/l. Is i - (2 + 0 + -1) a prime number?
True
Is -2 + 559 + 0 + 0 a composite number?
False
Let o = 1 - -1. Suppose -2*c - 5*v - 51 = -10*v, -o*v = -4*c - 78. Let j = c + 73. Is j prime?
False
Let j be (0 - -1)/(8/(-16)). Let w(g) = 6*g - 2. Let p be w(5). Is p/j*(-2)/4 a prime number?
True
Suppose -w = -4*w + 15. Suppose 5*u - w*i - 945 = 0, 5*u + i - 359 = 598. Is u a prime number?
True
Let x = -1 - -6. Suppose 4*m - x = -d, -d = -2*m + d + 10. Suppose -4*i - 66 = -2*q, -3*q - m*q - 5*i = -195. Is q prime?
True
Suppose k - 12 = 3*q + 2, 2*k - 4*q = 20. Suppose 326 = k*j - 0*j. Is j a composite number?
False
Suppose -6*l + 1458 = -24. Is l a prime number?
False
Let y = 2598 - 1754. Is y/8*(2 + 0) composite?
False
Let f = 245 + -4. Let k = f - 101. Suppose -k = -6*t + 2*t. Is t composite?
True
Let c(w) = 2 + 4*w**2 + 5*w + 0*w**2 + 0. Is c(-3) prime?
True
Let v = -3 - -5. Suppose -f + n = v*f - 612, 0 = -4*n. Let m = -91 + f. Is m composite?
False
Suppose 0 = -4*n + 215 - 19. Is n prime?
False
Let u(w) = 19*w + 10*w**2 - 30*w + 5 - 5 + 6. Is u(7) composite?
False
Let i(w) = 222*w**3 - w**2 - 7*w + 7. Is i(3) composite?
True
Suppose 0*c - 2*j + 132 = 2*c, -340 = -5*c + 5*j. Is c composite?
False
Let r(a) = 46*a - 11. Is r(6) a composite number?
True
Suppose 0 = 3*h + 2 + 4. Is 14 + -3 - (-2 - h) prime?
True
Is 249 + (-1 + -1)*-2 prime?
False
Let y = -49 - -28. Is 118/((-7)/(y/6)) composite?
False
Let l(g) be the third derivative of 5*g**4/24 + g**3/6 + 3*g**2. Is l(4) prime?
False
Let n = 7 - 3. Suppose 15 + 1 = -n*h. Is ((-1688)/6)/h*3 composite?
False
Let a = 20 + -10. Let d be (a/8)/((-5)/(-20)). Suppose 0 = c - d*c - r + 80, -4*c + 5*r = -56. Is c a composite number?
False
Let f(v) = v**3 + 3*v**2 - 2*v + 1. Let t(s) = -2*s**3 - 7*s**2 + 4*s - 2. Let q(n) = 5*f(n) + 3*t(n). Is q(-8) composite?
True
Let d be 0 + (3*145)/1. Let p = d - 286. Is p a composite number?
False
Let p = 37 + 174. Is p a prime number?
True
Let s = -4 - -6. Suppose -52 = 5*a + 3*i - 0*i, -s*i - 40 = 4*a. Is (-331)/(-9) + a/(-36) a composite number?
False
Suppose 5 + 10 = 5*h + k, k + 12 = 4*h. Is h composite?
False
Suppose 0 = -4*f - 2*o + 12, 5*o = 3*f - 8*f + 20. Suppose -3*v + 4 - 13 = 0, 72 = 2*n - f*v. Is n a composite number?
True
Suppose -u + 30 = u. Let t = -5 + u. Let o = t + -3. Is o prime?
True
Let i(s) = 2*s**3 - 2*s**2 - 2*s + 3. Let m be i(2). Suppose 3*g - 5*d = 578, 2*g - m*d = -2*d + 387. Is g a prime number?
True
Let s = 158 - 39. Is s prime?
False
Let d = -995 + 1402. Is d composite?
True
Suppose -c - 6 = -5*b + 7, 5*c - 5*b + 5 = 0. Suppose z = c*z. Suppose 4*l - 434 - 130 = z. Is l a prime number?
False
Let x(a) = a**2 - 9*a + 9. Let n be x(8). Suppose -25 = -7*i + 2*i. Suppose -4*p + n = r, i*r - 59 - 66 = 4*p. Is r composite?
True
Let z(j) = -5*j**3 + 4*j**2 - 3*j + 3. Let a be z(3). Let l = 170 + a. Is l a composite number?
True
Is 448 - -1 - (3 - 2 - -1) composite?
True
Let n be 4*((-9)/4 - 3). Is 5/((-5)/n)*1 a composite number?
True
Let w = 9 - 3. Let z be (-1 - (-8)/w)*-3. Is 28 - z/1*3 a prime number?
True
Suppose 2*g + g - 21 = 0. Let u(r) = r + 10. Let w be u(7). Let m = w - g. Is m a composite number?
True
Let k = 9 + -16. Let c(f) = -2*f**3 - 9*f**2 + 3*f - 7. Is c(k) prime?
False
Let m = 970 + -573. Is m prime?
True
Suppose -5*k - 5*t = 1 + 14, 7 = 3*k - 5*t. Let a = 4 + -5. Is 22 - (k/a + 0) prime?
False
Let a(k) = -14*k + 5. Let d be ((-1)/(-2))/((-2)/20). Let o be a(d). Let h = -36 + o. Is h prime?
False
Suppose -x = -5, -2*a - a + x + 4 = 0. Suppose -5*k + 2*g + 950 = a*g, k + g = 186. Is k a composite number?
False
Let r be (6/(-2) + 2)*-506. Suppose -11 - 242 = -h + 2*t, 3*t - r = -2*h. Is h composite?
True
Suppose u + 59 = 282. Is u a prime number?
True
Suppose 4*s = -4*l + 944 + 980, 0 = -s - 4. Is l prime?
False
Suppose 5*v - c - 48 = 2, 0 = v - c - 14. Suppose -r = -16 - v. Suppose -98 = -3*u - g, 0*g + r = 5*g. Is u a prime number?
True
Let c = 18 + 463. Is c a composite number?
True
Let a be (0 + -5)/(-11 - -12). Is (-1 - a) + 85/1 a composite number?
False
Suppose -f = d - 746, -f = -4*d + 2003 + 996. Suppose -4*g + d = 2*h - h, -h + 188 = g. Is g composite?
True
Suppose -5*w + 3*i = -154, -3*i - 170 = -5*w - 8*i. Let s = w + -9. Is s a prime number?
True
Let i = -3 - -13. Let v = 14 - i. Is (-285)/(-2) + 2/v prime?
False
Let y = 3194 + -1487. Is y composite?
True
Let h = -4 + 6. Let p = 2 - h. Suppose 0 = -p*g - 2*g + 118. Is g composite?
False
Let h(c) = 6 + 7 + c**3 + 9*c**2 - 4 + 0*c**3 + 8*c. Suppose -30 = 2*d + 3*d. Is h(d) prime?
False
Let d = -146 - -633. Is d composite?
False
Let a(n) = 67*n + 2. Suppose b = 3*b - 10. Is a(b) a composite number?
False
Let w be 48/21 - 2/7. Suppose -5*f - l + 4 = w*l, -4*l - 6 = f. Is ((-92)/(-8))/(1/f) a composite number?
False
Let v = 399 + -23. Let o = v + -261. Is o a composite number?
True
Let a(f) = -2*f**3 - 2*f**2 + 1. Let n be a(-1). Let o be (-1 - -1) + (n - 317). Is (o/6)/((-6)/9) a prime number?
True
Suppose 0 = 4*z - r - 373, z - 4*r - 97 = 15. Suppose d + z = 427. Is d a composite number?
True
Suppose z - 3*x = -7*x + 5, -5*z - 3*x = -8. Let c be z/(-1) + 222/3. Suppose 5*s - c = -0*r - 3*r, -4*s - 2*r = -58. Is s a prime number?
False
Let u(b) = 2*b**3 - 6*b**2 - 5*b - 9. Let j be (6/(-7))/((-2)/14). Is u(j) a composite number?
True
Suppose 3 = -2*p + 9. Suppose -4*m + n + 129 = 0, -n + 2*n - 88 = -p*m. Is m a prime number?
True
Let c(b) = b - 5. Let w be c(5). Let x(q) = q - 1. Let r be x(-1). Is 13/(r/(-6) + w) prime?
False
Let p = 2 - -1. Let y(q) = 68*q + 7. Is y(p) composite?
False
Let j = 16496 + -9911. Is j/20 - 1/4 prime?
False
Let n = 1918 - 851. Is n a composite number?
True
Let q(n) = 2*n**3 - 3*n**2 - 2. Let w be q(3). Suppose -6*d + d = -w. Let a(u) = u**3 - 3*u**2 - 2*u - 3. Is a(d) composite?
False
Suppose -2*m = 3*m - 4*v - 33111, -3*m + 19869 = -3*v. Is m prime?
True
Is 920 - 18/6*(-1 + 2) prime?
False
Let t(c) = -2*c + 12. Let l be t(9). Let f = 6 + -2. Let r = f - l. Is r a prime number?
False
Let q(p) = 4*p**2 + 3. Is q(-13) composite?
True
Suppose 0 = 2*h + h - 6. Suppose h*v + 3*v = 10. Suppose 2*o - 5*j = -6, -5*o + 17 = -v*o - j. Is o pr